{"id":454,"date":"2025-01-01T12:43:39","date_gmt":"2025-01-01T12:43:39","guid":{"rendered":"https:\/\/www.communitystories.ca\/v2\/media-of-activism_medias-du-militantisme\/home\/"},"modified":"2026-02-16T18:33:55","modified_gmt":"2026-02-16T18:33:55","slug":"home","status":"publish","type":"page","link":"https:\/\/www.communitystories.ca\/v2\/media-of-activism_medias-du-militantisme\/home\/?lang=de","title":{"rendered":"Soziale Bewegungen und Ihre Medien"},"content":{"rendered":"<p>Kanada hat eine lange Geschichte von Basisbewegungen. Das Projekt <em>Soziale Bewegungen und ihre Medien<\/em> [<em>Getting the Word Out<\/em>]\u00a0richtet den Fokus darauf, wie politische Organisatoren und Aktivisten Informationen und Ideen miteinander teilten, bevor es das Internet gab. Die Zeit, bevor es das Internet gab, umfasst den Gro\u00dfteil unserer Geschichte, also bietet dies eine signifikante Sicht auf unsere Geschichte als ein Land sowie auf Kanadas Rolle in der Welt.<\/p>\n<p>Entdecken Sie die Geschichten von denen, deren unerm\u00fcdliche Arbeit dem Zweck diente, diese Welt in gro\u00dfen sowie kleinen Schritten zum Besseren zu ver\u00e4ndern.<\/p>\n<p>Ein zentraler Schwerpunkt dieser Ausstellung ist die Frage, wie das Konzept einer Gemeinschaft Aktivisten und Gewerkschaftsarbeiter formt. Das Konzept einer Gemeinschaft kann, und tut es auch h\u00e4ufig, einen bestimmten Ort repr\u00e4sentieren. Gleichzeitig kann es andere Arten von Gemeinschaft repr\u00e4sentieren, die durch ihrer gemeinsamen Identit\u00e4tszugeh\u00f6rigkeit, ihren gemeinsamen Wertvorstellungen oder gemeinsamen Problemen zusammenfinden. Dazu k\u00f6nnen Menschen geh\u00f6ren, die \u00fcber einem gro\u00dfen geografischen Gebiet hinweg Ungerechtigkeiten ausgesetzt sind und gegen diese k\u00e4mpfen.<\/p>\n<p>Die Ausstellung <em>Soziale Bewegungen und ihre Medien<\/em> pr\u00e4sentiert Bewegungen, Projekte, Medien und Produkte sowie Technologien und Methoden. Erforschen Sie die Wege, die Gemeinschaften von Aktivisten nutzten, um andere Menschen in ihrer Nachbarschaft, ihrer Provinz, landesweit oder sogar international zu erreichen.<\/p>\n","protected":false},"excerpt":{"rendered":"<p>Kanada hat eine lange Geschichte von Basisbewegungen. Das Projekt Soziale Bewegungen und ihre Medien [Getting the Word Out]\u00a0richtet den Fokus darauf, wie politische Organisatoren und Aktivisten Informationen und [&hellip;]<\/p>\n","protected":false},"author":78,"featured_media":158,"parent":0,"menu_order":0,"comment_status":"closed","ping_status":"closed","template":"template-home.php","meta":{"_mi_skip_tracking":false,"_monsterinsights_sitenote_active":false,"_monsterinsights_sitenote_note":"","_monsterinsights_sitenote_category":0,"footnotes":""},"yoast_head":"<!-- This site is optimized with the Yoast SEO plugin v21.4 - https:\/\/yoast.com\/wordpress\/plugins\/seo\/ -->\n<title>Getting the Word Out: The Media of Activism<\/title>\n<meta name=\"robots\" content=\"index, follow, max-snippet:-1, max-image-preview:large, max-video-preview:-1\" \/>\n<link rel=\"canonical\" href=\"https:\/\/www.communitystories.ca\/v2\/media-of-activism_medias-du-militantisme\/?lang=de\" \/>\n<meta property=\"og:locale\" content=\"en_US\" \/>\n<meta property=\"og:type\" content=\"article\" \/>\n<meta property=\"og:title\" content=\"Getting the Word Out: The Media of Activism\" \/>\n<meta property=\"og:description\" content=\"Kanada hat eine lange Geschichte von Basisbewegungen. Das Projekt Soziale Bewegungen und ihre Medien [Getting the Word Out]\u00a0richtet den Fokus darauf, wie politische Organisatoren und Aktivisten Informationen und [&hellip;]\" \/>\n<meta property=\"og:url\" content=\"https:\/\/www.communitystories.ca\/v2\/media-of-activism_medias-du-militantisme\/?lang=de\" \/>\n<meta property=\"og:site_name\" content=\"Getting the Word Out: The Media of Activism\" \/>\n<meta property=\"article:modified_time\" content=\"2026-02-16T18:33:55+00:00\" \/>\n<meta property=\"og:image\" content=\"https:\/\/www.communitystories.ca\/v2\/media-of-activism_medias-du-militantisme\/wp-content\/uploads\/sites\/192\/2025\/05\/hero.jpg\" \/>\n\t<meta property=\"og:image:width\" content=\"1024\" \/>\n\t<meta property=\"og:image:height\" content=\"434\" \/>\n\t<meta property=\"og:image:type\" content=\"image\/jpeg\" \/>\n<meta name=\"twitter:card\" content=\"summary_large_image\" \/>\n<meta name=\"twitter:label1\" content=\"Est. reading time\" \/>\n\t<meta name=\"twitter:data1\" content=\"1 minute\" \/>\n<script type=\"application\/ld+json\" class=\"yoast-schema-graph\">{\"@context\":\"https:\/\/schema.org\",\"@graph\":[{\"@type\":\"WebPage\",\"@id\":\"https:\/\/www.communitystories.ca\/v2\/media-of-activism_medias-du-militantisme\/?lang=de\",\"url\":\"https:\/\/www.communitystories.ca\/v2\/media-of-activism_medias-du-militantisme\/?lang=de\",\"name\":\"Getting the Word Out: The Media of Activism\",\"isPartOf\":{\"@id\":\"https:\/\/www.communitystories.ca\/v2\/media-of-activism_medias-du-militantisme\/#website\"},\"datePublished\":\"2025-01-01T12:43:39+00:00\",\"dateModified\":\"2026-02-16T18:33:55+00:00\",\"breadcrumb\":{\"@id\":\"https:\/\/www.communitystories.ca\/v2\/media-of-activism_medias-du-militantisme\/?lang=de#breadcrumb\"},\"inLanguage\":\"en-US\",\"potentialAction\":[{\"@type\":\"ReadAction\",\"target\":[\"https:\/\/www.communitystories.ca\/v2\/media-of-activism_medias-du-militantisme\/?lang=de\"]}]},{\"@type\":\"BreadcrumbList\",\"@id\":\"https:\/\/www.communitystories.ca\/v2\/media-of-activism_medias-du-militantisme\/?lang=de#breadcrumb\",\"itemListElement\":[{\"@type\":\"ListItem\",\"position\":1,\"name\":\"Home\",\"item\":\"https:\/\/www.communitystories.ca\/v2\/media-of-activism_medias-du-militantisme\/\"},{\"@type\":\"ListItem\",\"position\":2,\"name\":\"Soziale Bewegungen und Ihre Medien\"}]},{\"@type\":\"WebSite\",\"@id\":\"https:\/\/www.communitystories.ca\/v2\/media-of-activism_medias-du-militantisme\/#website\",\"url\":\"https:\/\/www.communitystories.ca\/v2\/media-of-activism_medias-du-militantisme\/\",\"name\":\"Getting the Word Out: The Media of Activism\",\"description\":\"\",\"potentialAction\":[{\"@type\":\"SearchAction\",\"target\":{\"@type\":\"EntryPoint\",\"urlTemplate\":\"https:\/\/www.communitystories.ca\/v2\/media-of-activism_medias-du-militantisme\/?s={search_term_string}\"},\"query-input\":\"required name=search_term_string\"}],\"inLanguage\":\"en-US\"}]}<\/script>\n<!-- \/ Yoast SEO plugin. -->","yoast_head_json":{"title":"Getting the Word Out: The Media of Activism","robots":{"index":"index","follow":"follow","max-snippet":"max-snippet:-1","max-image-preview":"max-image-preview:large","max-video-preview":"max-video-preview:-1"},"canonical":"https:\/\/www.communitystories.ca\/v2\/media-of-activism_medias-du-militantisme\/?lang=de","og_locale":"en_US","og_type":"article","og_title":"Getting the Word Out: The Media of Activism","og_description":"Kanada hat eine lange Geschichte von Basisbewegungen. Das Projekt Soziale Bewegungen und ihre Medien [Getting the Word Out]\u00a0richtet den Fokus darauf, wie politische Organisatoren und Aktivisten Informationen und [&hellip;]","og_url":"https:\/\/www.communitystories.ca\/v2\/media-of-activism_medias-du-militantisme\/?lang=de","og_site_name":"Getting the Word Out: The Media of Activism","article_modified_time":"2026-02-16T18:33:55+00:00","og_image":[{"width":1024,"height":434,"url":"https:\/\/www.communitystories.ca\/v2\/media-of-activism_medias-du-militantisme\/wp-content\/uploads\/sites\/192\/2025\/05\/hero.jpg","type":"image\/jpeg"}],"twitter_card":"summary_large_image","twitter_misc":{"Est. reading time":"1 minute"},"schema":{"@context":"https:\/\/schema.org","@graph":[{"@type":"WebPage","@id":"https:\/\/www.communitystories.ca\/v2\/media-of-activism_medias-du-militantisme\/?lang=de","url":"https:\/\/www.communitystories.ca\/v2\/media-of-activism_medias-du-militantisme\/?lang=de","name":"Getting the Word Out: The Media of Activism","isPartOf":{"@id":"https:\/\/www.communitystories.ca\/v2\/media-of-activism_medias-du-militantisme\/#website"},"datePublished":"2025-01-01T12:43:39+00:00","dateModified":"2026-02-16T18:33:55+00:00","breadcrumb":{"@id":"https:\/\/www.communitystories.ca\/v2\/media-of-activism_medias-du-militantisme\/?lang=de#breadcrumb"},"inLanguage":"en-US","potentialAction":[{"@type":"ReadAction","target":["https:\/\/www.communitystories.ca\/v2\/media-of-activism_medias-du-militantisme\/?lang=de"]}]},{"@type":"BreadcrumbList","@id":"https:\/\/www.communitystories.ca\/v2\/media-of-activism_medias-du-militantisme\/?lang=de#breadcrumb","itemListElement":[{"@type":"ListItem","position":1,"name":"Home","item":"https:\/\/www.communitystories.ca\/v2\/media-of-activism_medias-du-militantisme\/"},{"@type":"ListItem","position":2,"name":"Soziale Bewegungen und Ihre Medien"}]},{"@type":"WebSite","@id":"https:\/\/www.communitystories.ca\/v2\/media-of-activism_medias-du-militantisme\/#website","url":"https:\/\/www.communitystories.ca\/v2\/media-of-activism_medias-du-militantisme\/","name":"Getting the Word Out: The Media of Activism","description":"","potentialAction":[{"@type":"SearchAction","target":{"@type":"EntryPoint","urlTemplate":"https:\/\/www.communitystories.ca\/v2\/media-of-activism_medias-du-militantisme\/?s={search_term_string}"},"query-input":"required name=search_term_string"}],"inLanguage":"en-US"}]}},"_links":{"self":[{"href":"https:\/\/www.communitystories.ca\/v2\/media-of-activism_medias-du-militantisme\/wp-json\/wp\/v2\/pages\/454"}],"collection":[{"href":"https:\/\/www.communitystories.ca\/v2\/media-of-activism_medias-du-militantisme\/wp-json\/wp\/v2\/pages"}],"about":[{"href":"https:\/\/www.communitystories.ca\/v2\/media-of-activism_medias-du-militantisme\/wp-json\/wp\/v2\/types\/page"}],"author":[{"embeddable":true,"href":"https:\/\/www.communitystories.ca\/v2\/media-of-activism_medias-du-militantisme\/wp-json\/wp\/v2\/users\/78"}],"replies":[{"embeddable":true,"href":"https:\/\/www.communitystories.ca\/v2\/media-of-activism_medias-du-militantisme\/wp-json\/wp\/v2\/comments?post=454"}],"version-history":[{"count":5,"href":"https:\/\/www.communitystories.ca\/v2\/media-of-activism_medias-du-militantisme\/wp-json\/wp\/v2\/pages\/454\/revisions"}],"predecessor-version":[{"id":913,"href":"https:\/\/www.communitystories.ca\/v2\/media-of-activism_medias-du-militantisme\/wp-json\/wp\/v2\/pages\/454\/revisions\/913"}],"wp:featuredmedia":[{"embeddable":true,"href":"https:\/\/www.communitystories.ca\/v2\/media-of-activism_medias-du-militantisme\/wp-json\/wp\/v2\/media\/158"}],"wp:attachment":[{"href":"https:\/\/www.communitystories.ca\/v2\/media-of-activism_medias-du-militantisme\/wp-json\/wp\/v2\/media?parent=454"}],"curies":[{"name":"wp","href":"https:\/\/api.w.org\/{rel}","templated":true}]}}

<p>Kanada hat eine lange Geschichte von Basisbewegungen. Das Projekt <em>Soziale Bewegungen und ihre Medien</em> [<em>Getting the Word Out</em>] richtet den Fokus darauf, wie politische Organisatoren und Aktivisten Informationen und Ideen miteinander teilten, bevor es das Internet gab. Die Zeit, bevor es das Internet gab, umfasst den Großteil unserer Geschichte, also bietet dies eine signifikante Sicht auf unsere Geschichte als ein Land sowie auf Kanadas Rolle in der Welt.</p>
<p>Entdecken Sie die Geschichten von denen, deren unermüdliche Arbeit dem Zweck diente, diese Welt in großen sowie kleinen Schritten zum Besseren zu verändern.</p>
<p>Ein zentraler Schwerpunkt dieser Ausstellung ist die Frage, wie das Konzept einer Gemeinschaft Aktivisten und Gewerkschaftsarbeiter formt. Das Konzept einer Gemeinschaft kann, und tut es auch häufig, einen bestimmten Ort repräsentieren. Gleichzeitig kann es andere Arten von Gemeinschaft repräsentieren, die durch ihrer gemeinsamen Identitätszugehörigkeit, ihren gemeinsamen Wertvorstellungen oder gemeinsamen Problemen zusammenfinden. Dazu können Menschen gehören, die über einem großen geografischen Gebiet hinweg Ungerechtigkeiten ausgesetzt sind und gegen diese kämpfen.</p>
<p>Die Ausstellung <em>Soziale Bewegungen und ihre Medien</em> präsentiert Bewegungen, Projekte, Medien und Produkte sowie Technologien und Methoden. Erforschen Sie die Wege, die Gemeinschaften von Aktivisten nutzten, um andere Menschen in ihrer Nachbarschaft, ihrer Provinz, landesweit oder sogar international zu erreichen.</p>
